mmon divisor of m and 44?
11
Let i = 152 - 25. Let a = 271 - i. Calculate the highest common divisor of a and 16.
16
Let t be (-2 - (-12 - (-3 + -5))) + 8. Let f be 2 - (-2 - 0/(-2)). Calculate the highest common factor of t and f.
2
Suppose 80*k = 50*k + 1650. Let s(q) = -6*q - 4. Let u be s(3). Let t be (-1*2)/4*u. Calculate the greatest common divisor of t and k.
11
Suppose 2*o - 41 - 47 = 3*l, 5*l = -20. Calculate the greatest common divisor of o and 76.
38
Suppose 0 = -4*t - 3*y + 497, 3*t + 69*y - 379 = 68*y. What is the highest common divisor of 4 and t?
4
Suppose -2*q + 38 = i, -31*i = 4*q - 33*i - 84. Calculate the greatest common factor of q and 140.
20
Suppose -4*t - 106 - 1362 = -3*u, -3*u + 5*t + 1463 = 0. Calculate the highest common factor of 217 and u.
31
Let l = 78 - 64. Let u be 7*8/84 + l/6. What is the greatest common divisor of u and 24?
3
Let l be -3 - -7 - 3 - 0 - 1. Suppose -5*k + 169 - 14 = l. Calculate the greatest common factor of 217 and k.
31
Suppose 0 = 3*g - 1 - 8. Let d = 67 + g. Suppose m + 2*m - 84 = 0. Calculate the highest common factor of m and d.
14
Let k be 133 - (2/(-4))/((-1)/2). What is the greatest common divisor of 330 and k?
66
Suppose -5 = b - 1. Let y(x) = -2*x - 43 - x + 44. Let i be y(b). Calculate the greatest common divisor of i and 39.
13
Let m be (-3)/1*(-55)/5. Let j = 13 - m. Let z be 2 - (-2 + j/2). Calculate the greatest common divisor of z and 112.
14
Let x be 0 - -4 - 1 - 2. Suppose 7*s = -20 + 90. What is the greatest common factor of s and x?
1
Let i = -146 - -143. Let a be 1/(i/(-576)*6). Suppose 0 = -c - 15 + 63. Calculate the highest common divisor of a and c.
16
Suppose -2*c - 3*o - 4 = 0, 3*o + 9 = -10*c + 13*c. What is the highest common factor of 20 and c?
1
Suppose 0*m - 5*m + j + 7 = 0, -2*m - 4*j + 16 = 0. Let w = 8158 + -8140. What is the greatest common factor of w and m?
2
Suppose -127 = -v + 2*m + 1, 0 = -4*m - 16. Calculate the greatest common divisor of 204 and v.
12
Suppose -4*h = -3*h - 351. Let o = -234 + h. Calculate the highest common divisor of o and 13.
13
Let d(c) = c**3 - 18*c**2 + 9*c + 25. Suppose -5*s = -3 - 87. Let m be d(s). Calculate the highest common divisor of 17 and m.
17
Let t be (-174)/(-2) + 1 + -8. Calculate the greatest common factor of 520 and t.
40
Let a be (1 + 1/5)*5. Suppose 7*t - 123 = 458. Let x = -68 + t. Calculate the highest common divisor of x and a.
3
Let a be (-3 + (-1)/5)/((-3)/120). Let o = -17 - -33. What is the greatest common factor of o and a?
16
Suppose -3*j + 502 = 2*g, 12*g - 7*g = 5*j - 845. Let a = -51 + 72. What is the greatest common factor of a and j?
21
Suppose x = -2*x + 51. Let k = x - -5. What is the greatest common factor of 44 and k?
22
Suppose 0 = -53*s + 9*s + 308. Calculate the highest common divisor of s and 805.
7
Let c = 165 + -57. What is the greatest common factor of c and 90?
18
Suppose -2*s - 10 = -34. Let t be (-16585)/(-25) + 2/(-5). Suppose -2*m - 127 = -3*m + 5*l, 5*m + 3*l = t. What is the highest common factor of s and m?
12
Let k(z) = z**2 + 2*z - 3. Let a be k(-5). Let j be ((-9)/6)/(a/(-32)). What is the highest common divisor of 36 and j?
4
Let o be (-56 + 5)/(3/(-2)). Let s(k) = -k + 9. Let b be s(4). Suppose 4*m - 209 = 5*g, 2*g + b = 5*m - 252. What is the greatest common divisor of m and o?
17
Suppose -6*r = -3*a - 3*r, -r - 6 = -3*a. Suppose -a*d + 24 = -0*d. Suppose -2*z - 3*y = -z + d, -y - 2 = z. Calculate the greatest common divisor of 9 and z.
1
Let h = -434 + 443. What is the highest common factor of 72 and h?
9
Suppose 77 = 10*u - 333. Let h = -40 + 122. Calculate the greatest common factor of h and u.
41
Let d be (-10)/(-4 - (-5 + 3)). Let k(i) = i**2 - 1 + 4 - 3*i - 7. Let p be k(d). What is the greatest common factor of 9 and p?
3
Let v = 11 - 5. Let x(i) = i**3 + 9*i**2 - 26*i - 14. Let z be x(-11). Calculate the highest common factor of z and v.
6
Let j be (0 - -5)/((-2)/(-16)). Let a(t) = t**3 + 7*t**2 + 24*t + 68. Let v be a(-4). Calculate the highest common divisor of j and v.
20
Let v be 14398/15 - (-64)/480. What is the greatest common divisor of 48 and v?
48
Let j = -78 - -199. Let w(f) = -f + 19. Let k be w(24). Let n be k - 1/((-2)/32). What is the greatest common divisor of j and n?
11
Let y(x) = -4*x**2 + 204*x - 51. Let z be y(48). What is the greatest common divisor of 840 and z?
105
Suppose 4*j - 20 = -4*r, -4*r + 12 = 2*j - 0. What is the highest common factor of 36 and j?
4
Let z be (1435/41)/((-10)/(-28)). What is the greatest common divisor of z and 245?
49
Suppose 3*y + 84 = 2*s, 9*s - 5*s + 4*y = 208. What is the highest common divisor of s and 372?
12
Let d(o) = -11*o. Let q be d(-3). Let z = 59 - q. What is the highest common factor of 13 and z?
13
Suppose -5*w + 9 = 2*h + 3, -15 = -5*h - 4*w. Let j be 0 + 0 + 12 + h. Suppose j*a = 20*a - 45. What is the greatest common divisor of 81 and a?
9
Let x be ((-20)/14)/((-2)/7). Suppose -x*m + 103 = -3*n, 6 - 27 = -m + n. What is the greatest common divisor of m and 220?
20
Let j be ((-85)/15 - -5)*-153 + -2. Calculate the highest common divisor of 150 and j.
50
Let f(k) = -2*k + 28. Let o be f(-18). What is the greatest common factor of o and 4?
4
Let o = 4 + 9. Calculate the highest common factor of 39 and o.
13
Let a = -31 + 34. Suppose -h - 12 = -a*h. Calculate the greatest common divisor of h and 6.
6
Let i be (-17 - -15)/(4/(-18)). What is the highest common divisor of 234 and i?
9
Suppose -4*u = 3*r + 31, 3*u + 3*r - 10 = -37. Let d be (u + 0)*1/(-2). Let f be -24*(3/(-24))/(1/6). Calculate the highest common factor of f and d.
2
Let u be -1*(-2 - (2 - 0)). Suppose u*z - 3*z = 8. Suppose b = -1 + 2. Calculate the greatest common factor of b and z.
1
Suppose v - 3 - 64 = k, -3*v + 2*k = -198. What is the greatest common factor of v and 80?
16
Let z = 855 - 844. What is the greatest common factor of 187 and z?
11
Let m be (-3)/(-4)*40/10. Let g(b) = 1 - m + 3*b + 10 + 0*b. Let r be g(16). Calculate the highest common factor of r and 14.
14
Let g(z) = 15*z**2 - z - 23. Let t be g(7). Calculate the highest common divisor of t and 15.
15
Let u be ((-3776)/40 + 2)*-5. What is the highest common factor of 21 and u?
21
Let h(c) = c**3 + 14*c**2 - 150*c + 45. Let f be h(-21). Calculate the highest common factor of f and 4.
4
Let m be (-12)/((-16)/(-4)) - -35. Let j be (1 + m)/(33/44). Suppose 0 = l + 3*i - 8, -13 - 15 = -3*l - 5*i. Calculate the highest common factor of l and j.
11
Let b(z) = 29*z**3 + 3*z**2 - z - 1. Let s be b(2). Let c = s + 25. What is the greatest common divisor of c and 38?
38
Let t = 185 - 157. What is the highest common factor of 84 and t?
28
Let t be 0 + 5 + (1 - 3). Suppose 0 = -15*k + 14*k + 2. Suppose -6*m = -t*s - 2*m + 254, k*s - 176 = m. What is the highest common divisor of 10 and s?
10
Let i be 1 + ((-6)/3 - -1*66). Suppose -i + 101 = o. What is the greatest common divisor of 48 and o?
12
Let y be (-27954)/(-15) - (-9 + 336/35). Calculate the greatest common divisor of 69 and y.
69
Let l be ((-8)/(-6) + 0)*3. Suppose 0*w + l*w = 336. Let i(y) = y**3 - 23*y**2 - 25*y + 36. Let d be i(24). What is the greatest common factor of d and w?
12
Let z(u) = u**2 - 13*u + 69. Let h be z(10). What is the highest common factor of 9 and h?
3
Suppose -32 = -5*m + 13. What is the highest common factor of 576 and m?
9
Suppose 5 = 2*h - d, 2*d - 5 = 5*h - 15. Let i = 4 - h. Suppose s = -i*u + 48, 0 = 4*s - 5*s - 5*u + 45. What is the highest common factor of 24 and s?
12
Let o(z) = 2*z**3 - 2*z**2 + 7*z - 47. Let d be o(5). What is the highest common divisor of d and 8?
4
Suppose -224 = -3*h + 55. What is the highest common factor of h and 155?
31
Let p(u) = 0*u + 2 + 0 + 3*u + 0*u. Let y be p(2). Let v be (-2)/y + 10309/52. Calculate the greatest common factor of v and 18.
18
Let v(t) = -t**2 - 10*t - 3. Let m be v(-12). Let j be (-1467)/m - 2/(-3). What is the greatest common divisor of j and 11?
11
Let g = 8407 - 8404. Let v be (-30)/(-4)*(0 + 2). Calculate the highest common factor of g and v.
3
Let r = 56 + -51. Let t(z) = z**3 - 6*z**2 + 9*z - 4. Let u be t(r). What is the highest common factor of 32 and u?
16
Suppose 0*t = -4*t + 240. Suppose 2*d = 4*r - 5*r + 12, -5*r + t = -3*d. Let m